n 37401 is divided by 2770.
1391
Calculate the remainder when 399669 is divided by 3956.
113
Calculate the remainder when 22107 is divided by 3200.
2907
Calculate the remainder when 69062497 is divided by 74.
73
Calculate the remainder when 671924 is divided by 95981.
57
What is the remainder when 17959644 is divided by 1056447?
45
Calculate the remainder when 1013398 is divided by 3067.
1288
What is the remainder when 13809774 is divided by 511?
510
Calculate the remainder when 3452926 is divided by 512.
510
Calculate the remainder when 1600351 is divided by 2013.
16
Calculate the remainder when 2301512 is divided by 575152.
904
What is the remainder when 22297259 is divided by 41?
24
Calculate the remainder when 1976558 is divided by 63756.
122
Calculate the remainder when 7229756 is divided by 1807427.
48
What is the remainder when 57237839 is divided by 93?
59
Calculate the remainder when 145536300 is divided by 848.
844
What is the remainder when 2263621 is divided by 81?
76
What is the remainder when 581369 is divided by 1432?
1409
Calculate the remainder when 27006807 is divided by 500126.
3
Calculate the remainder when 44096 is divided by 2084.
332
Calculate the remainder when 66507160 is divided by 3523.
3489
What is the remainder when 220563 is divided by 5650?
213
Calculate the remainder when 7784222 is divided by 121628.
30
Calculate the remainder when 1075430 is divided by 996.
746
Calculate the remainder when 981644 is divided by 6333.
29
What is the remainder when 200270691 is divided by 6177?
6174
What is the remainder when 605222 is divided by 2041?
1086
Calculate the remainder when 574852 is divided by 2227.
286
What is the remainder when 36243211 is divided by 63921?
4
What is the remainder when 16178903 is divided by 3130?
3063
What is the remainder when 6110138 is divided by 95464?
442
What is the remainder when 102086 is divided by 886?
196
Calculate the remainder when 31878441 is divided by 388.
361
What is the remainder when 21394258 is divided by 2543?
2542
Calculate the remainder when 7583789 is divided by 399.
395
What is the remainder when 7445004 is divided by 23?
19
Calculate the remainder when 298723 is divided by 3178.
3169
What is the remainder when 22952500 is divided by 237?
235
Calculate the remainder when 453138 is divided by 150868.
534
Calculate the remainder when 1975036 is divided by 658337.
25
What is the remainder when 885739 is divided by 362?
287
Calculate the remainder when 48521 is divided by 24252.
17
What is the remainder when 1735496 is divided by 961?
891
Calculate the remainder when 80024 is divided by 385.
329
Calculate the remainder when 172042474 is divided by 9.
4
Calculate the remainder when 3650974 is divided by 202831.
16
What is the remainder when 739990 is divided by 6271?
12
What is the remainder when 44280 is divided by 3382?
314
What is the remainder when 57704 is divided by 3494?
1800
What is the remainder when 1452237 is divided by 141?
78
What is the remainder when 126993315 is divided by 5187?
5181
What is the remainder when 3481978 is divided by 53?
37
Calculate the remainder when 3752414 is divided by 2235.
2084
What is the remainder when 13438255 is divided by 90?
85
Calculate the remainder when 210731 is divided by 41506.
3201
What is the remainder when 231809890 is divided by 73?
69
What is the remainder when 6072898 is divided by 20?
18
Calculate the remainder when 125125 is divided by 2030.
1295
Calculate the remainder when 23974 is divided by 7083.
2725
What is the remainder when 46112 is divided by 120?
32
What is the remainder when 46052359 is divided by 619?
616
What is the remainder when 6225590 is divided by 754?
566
Calculate the remainder when 471325 is divided by 471235.
90
Calculate the remainder when 335350 is divided by 1172.
158
Calculate the remainder when 192776288 is divided by 192776273.
15
Calculate the remainder when 48585 is divided by 316.
237
Calculate the remainder when 47453032 is divided by 667.
651
Calculate the remainder when 161139 is divided by 5191.
218
What is the remainder when 56672 is divided by 2537?
858
What is the remainder when 4087846 is divided by 1103?
128
Calculate the remainder when 97321 is divided by 48433.
455
Calculate the remainder when 1375519 is divided by 1694.
1685
What is the remainder when 7078473 is divided by 25?
23
Calculate the remainder when 84079 is divided by 41382.
1315
What is the remainder when 94490 is divided by 3493?
179
Calculate the remainder when 1031013 is divided by 114137.
3780
What is the remainder when 16478 is divided by 7822?
834
Calculate the remainder when 551392 is divided by 351.
322
Calculate the remainder when 21140 is divided by 6557.
1469
What is the remainder when 4136106 is divided by 86?
22
Calculate the remainder when 11100 is divided by 1079.
310
Calculate the remainder when 933821 is divided by 116724.
29
Calculate the remainder when 92193 is divided by 4091.
2191
Calculate the remainder when 2188399 is divided by 2501.
24
What is the remainder when 22634324 is divided by 638?
636
What is the remainder when 23834181 is divided by 1877?
35
Calculate the remainder when 14910849 is divided by 12799.
14
What is the remainder when 22162 is divided by 1020?
742
What is the remainder when 293766 is divided by 6386?
10
Calculate the remainder when 60397 is divided by 15065.
137
Calculate the remainder when 440206261 is divided by 5857.
5855
Calculate the remainder when 563267 is divided by 281567.
133
What is the remainder when 38631 is divided by 9642?
63
Calculate the remainder when 21102776 is divided by 3468.
3464
Calculate the remainder when 19290 is divided by 1567.
486
Calculate the remainder when 349132 is divided by 137.
56
What is the remainder when 1877930 is divided by 234682?
474
Calculate the remainder when 53063387 is divided by 522.
521
What is the remainder when 670369 is divided by 200?
169
Calculate the remainder when 1034860 is divided by 94078.
2
What is the remainder when 544357 is divided by 620?
617
Calculate the remainder when 2605485 is divided by 136.
133
Calculate the remainder when 314388815 is divided by 1239.
1238
Calculate the remainder when 1706797 is divided by 85.
82
Calculate the remainder when 17727 is divided by 946.
699
What is the remainder when 155486 is divided by 10950?
2186
Calculate the remainder when 2944060 is divided by 226445.
275
What is the remainder when 18812 is divided by 4618?
340
What is the remainder when 19266 is divided by 1215?
1041
What is the remainder when 1522427 is divided by 64?
59
Calculate the remainder when 80972270 is divided by 78.
2
Calculate the remainder when 190779 is divided by 104.
43
Calculate the remainder when 3303758 is divided by 375.
8
What is the remainder when 11952787 is divided by 54?
49
What is the remainder when 106883 is divided by 20555?
4108
Calculate the remainder when 39082407 is divided by 1396.
1387
What is the remainder when 6109395 is divided by 1242?
1239
What is the remainder when 51625 is divided by 12168?
2953
Calculate the remainder when 6088721 is divided by 3044241.
239
Calculate the remainder when 529563 is divided by 608.
603
What is the remainder when 190455 is divided by 1574?
1
What is the remainder when 207056 is divided by 580?
576
What is the remainder when 25455812 is divided by 189?
158
Calculate the remainder when 6818157 is divided by 3409074.
9
Calculate the remainder when 132914 is divided by 27.
20
What is the remainder when 149609373 is divided by 336?
333
Calculate the remainder when 2786902 is divided by 310.
2
What is the remainder when 79285279 is divided by 1415?
1414
What is the remainder when 2062003 is divided by 1476?
31
Calculate the remainder when 1356026 is divided by 21490.
2156
Calculate the remainder when 306230 is divided by 306.
230
What is the remainder when 1599038 is divided by 190?
188
Calculate the remainder when 253378 is divided by 615.
613
Calculate the remainder when 62373687 is divided by 52.
51
What is the remainder when 4141469 is divided by 27795?
14
Calculate the remainder when 1739389 is divided by 151.
20
What is the remainder when 35345 is divided by 8598?
953
Calculate the remainder when 497312 is divided by 497307.
5
What is the 